 prime factors of 602285.
5, 163, 739
What are the prime factors of 177691?
177691
List the prime factors of 2203284.
2, 3, 89, 2063
What are the prime factors of 1957190?
2, 5, 19, 10301
List the prime factors of 2115633.
3, 13, 17, 3191
What are the prime factors of 16940700?
2, 3, 5, 7, 2689
What are the prime factors of 5669435?
5, 31, 79, 463
List the prime factors of 5395080.
2, 3, 5, 44959
What are the prime factors of 10170816?
2, 3, 52973
List the prime factors of 923023.
923023
What are the prime factors of 326587?
17, 19211
List the prime factors of 917508.
2, 3, 157, 487
What are the prime factors of 197719?
163, 1213
List the prime factors of 6498747.
3, 31, 23293
List the prime factors of 514446.
2, 3, 179, 479
What are the prime factors of 888038?
2, 29, 61, 251
List the prime factors of 18528492.
2, 3, 199, 7759
List the prime factors of 172785.
3, 5, 11519
List the prime factors of 34232.
2, 11, 389
What are the prime factors of 437459?
11, 39769
List the prime factors of 2216858.
2, 7, 22621
List the prime factors of 24673548.
2, 3, 29, 70901
What are the prime factors of 18785989?
139, 135151
What are the prime factors of 8810496?
2, 3, 239
List the prime factors of 13870023.
3, 4623341
List the prime factors of 9592218.
2, 3, 109, 4889
What are the prime factors of 547082?
2, 37, 7393
List the prime factors of 590454.
2, 3, 32803
What are the prime factors of 26020233?
3, 2891137
What are the prime factors of 620459?
7, 151, 587
List the prime factors of 1007789.
1007789
What are the prime factors of 91951?
91951
What are the prime factors of 514590?
2, 3, 5, 17, 1009
List the prime factors of 19153126.
2, 9576563
List the prime factors of 17188074.
2, 3, 31, 30803
List the prime factors of 855535.
5, 397, 431
What are the prime factors of 194728?
2, 101, 241
What are the prime factors of 672349?
672349
List the prime factors of 632365.
5, 126473
List the prime factors of 4967143.
4967143
What are the prime factors of 1995687?
3, 23, 31, 311
What are the prime factors of 3734347?
569, 6563
List the prime factors of 2961619.
2961619
What are the prime factors of 435180?
2, 3, 5, 7253
What are the prime factors of 916855?
5, 233, 787
What are the prime factors of 6018048?
2, 3, 653
List the prime factors of 147778.
2, 37, 1997
What are the prime factors of 596915?
5, 11, 10853
List the prime factors of 3879414.
2, 3, 7, 11, 311
List the prime factors of 763420.
2, 5, 7, 19, 41
What are the prime factors of 643157?
31, 20747
List the prime factors of 27285352.
2, 101, 33769
What are the prime factors of 189506?
2, 19, 4987
What are the prime factors of 201590?
2, 5, 19, 1061
List the prime factors of 2087144.
2, 260893
What are the prime factors of 5464276?
2, 17, 107, 751
List the prime factors of 13020441.
3, 7, 739, 839
List the prime factors of 128847.
3, 29, 1481
What are the prime factors of 13742570?
2, 5, 1374257
List the prime factors of 147662.
2, 17, 43, 101
List the prime factors of 4455835.
5, 47, 67, 283
List the prime factors of 29396.
2, 7349
What are the prime factors of 5240692?
2, 17, 77069
What are the prime factors of 814727?
79, 10313
What are the prime factors of 115837?
115837
What are the prime factors of 883205?
5, 176641
List the prime factors of 1238581.
743, 1667
List the prime factors of 3511124.
2, 19, 46199
What are the prime factors of 3499919?
569, 6151
List the prime factors of 97667.
101, 967
What are the prime factors of 1804866?
2, 3, 7, 877
What are the prime factors of 2661338?
2, 379, 3511
List the prime factors of 735521.
151, 4871
What are the prime factors of 12940606?
2, 7, 132047
What are the prime factors of 994184?
2, 151, 823
What are the prime factors of 399?
3, 7, 19
List the prime factors of 505774.
2, 252887
List the prime factors of 172803.
3, 57601
List the prime factors of 177669.
3, 19, 1039
What are the prime factors of 1471040?
2, 5, 4597
What are the prime factors of 503962?
2, 29, 8689
What are the prime factors of 18921106?
2, 53, 178501
List the prime factors of 62217.
3, 31, 223
List the prime factors of 12647895.
3, 5, 13, 37, 1753
What are the prime factors of 17979974?
2, 23, 390869
What are the prime factors of 283496?
2, 35437
What are the prime factors of 4955823?
3, 17, 59, 61
What are the prime factors of 9423053?
89, 239, 443
List the prime factors of 930434.
2, 31, 43, 349
What are the prime factors of 786945?
3, 5, 23, 2281
List the prime factors of 270020.
2, 5, 23, 587
List the prime factors of 396673.
89, 4457
What are the prime factors of 911228?
2, 157, 1451
What are the prime factors of 132173?
132173
List the prime factors of 5003279.
419, 11941
List the prime factors of 40424194.
2, 20212097
What are the prime factors of 422889?
3, 73, 1931
List the prime factors of 636886.
2, 318443
List the prime factors of 3716189.
43, 86423
List the prime factors of 4444541.
1237, 3593
List the prime factors of 127039.
11, 11549
List the prime factors of 690000.
2, 3, 5, 23
List the prime factors of 14188000.
2, 5, 3547
What are the prime factors of 869551?
869551
What are the prime factors of 77868?
2, 3, 7, 103
What are the prime factors of 220146?
2, 3, 36691
List the prime factors of 324914.
2, 162457
List the prime factors of 4841255.
5, 968251
List the prime factors of 36053090.
2, 5, 17, 29, 71, 103
List the prime factors of 10471089.
3, 3490363
List the prime factors of 177240.
2, 3, 5, 7, 211
List the prime factors of 680458.
2, 397, 857
What are the prime factors of 11710308?
2, 3, 19, 51361
What are the prime factors of 206069?
206069
What are the prime factors of 170779?
7, 31, 787
List the prime factors of 1617262.
2, 863, 937
What are the prime factors of 2140913?
2140913
What are the prime factors of 124804?
2, 41, 761
List the prime factors of 10895375.
5, 101, 863
List the prime factors of 1929820.
2, 5, 47, 2053
List the prime factors of 103176.
2, 3, 1433
List the prime factors of 9155529.
3, 311, 3271
What are the prime factors of 27548495?
5, 13, 423823
What are the prime factors of 5801228?
2, 1450307
What are the prime factors of 2402574?
2, 3, 400429
What are the prime factors of 761208?
2, 3, 7, 23, 197
What are the prime factors of 1331953?
7, 23, 8273
List the prime factors of 1978206.
2, 3, 29, 11369
What are the prime factors of 358835?
5, 43, 1669
List the prime factors of 4476816.
2, 3, 43, 241
What are the prime factors of 4720124?
2, 1180031
List the prime factors of 2752432.
2, 172027
List the prime factors of 523948.
2, 130987
List the prime factors of 1290496.
2, 71
What are the prime factors of 673487?
673487
What are the prime factors of 249421?
249421
What are the prime factors of 16974735?
3, 5, 653, 1733
List the prime factors of 1756461.
3, 7, 83641
What are the prime factors of 67366?
2, 13, 2591
List the prime factors of 372217.
31, 12007
What are the prime factors of 1520825?
5, 127, 479
List the prime factors of 936508.
2, 257, 911
What are the prime factors of 1789657?
269, 6653
What are the prime factors of 634168?
2, 17, 4663
What are the prime factors of 1494163?
11, 41, 3313
What are the prime factors of 24436339?
31, 53, 107, 139
List the prime factors of 1481925.
3, 5, 19759
List the prime factors of 4951644.
2, 3, 412637
List the prime factors of 2877505.
5, 17, 97, 349
List the prime factors of 3120052.
2, 13, 29, 2069
What are the prime factors of 513059?
513059
What are the prime factors of 137515?
5, 7, 3929
List the prime factors of 1385279.
7, 17, 1663
What are the prime factors of 26152963?
26152963
List the prime factors of 6166665.
3, 5, 17, 2687
List the prime factors of 660861.
3, 97, 757
List the prime factors of 114864.
2, 3, 2393
What are the prime factors of 4247061?
3, 7, 13, 47, 331
List the prime factors of 401777.
131, 3067
What are the prime factors of 12020805?
3, 5, 67, 443
List the prime factors of 356312.
2, 11, 4049
What are the prime factors of 1165435?
5, 17, 13711
List the prime factors of 359355.
3, 5, 23957
List the prime factors of 17381144.
2, 11, 263, 751
List the prime factors of 404988.
2, 3, 33749
What are the prime factors of 1436146?
2, 307, 2339
What are the prime factors of 161644?
2, 7, 23, 251
List the prime factors of 302444.
2, 75611
What are the prime fact